(0 - 8) + -2 - 2 - (-57 + 112)?
-67
0 + 2 + (-20 - -8 - -19) + -10 + 60
59
Calculate -22 - (-9 - ((-23 + 9 - -12) + 1)).
-14
Calculate 2 + -3 + -15 - (48 - 59).
-5
(-21 + 66 - -43) + -46 + -53
-11
83 + -126 - (4 + -99)
52
(-9 - (-7 + 15)) + 0 - -3
-14
-8 + (-3 - -1) + 23 + -37
-24
(-111 - -128) + -13 + 1 - -5 - -33
43
-105 + (83 - (-73 + 36))
15
What is (114 - 242) + -15 + 50?
-93
What is the value of 2 - 1 - (-14 + -4 - -5)?
14
What is -7 + -71 + (575 - 424)?
73
What is the value of 9 - (18 - (-15 + 0 - -1 - -15))?
-8
Calculate (7 - 7) + -4 - -15 - (6 - 12).
17
(-214 - -78 - -59) + (3 - -2)
-72
8 - (1 - -4) - (-10 + 16 + -26 + 130)
-107
Calculate -2 + 0 - (-512 - -406 - (-34 + 0)).
70
What is -6 - (-2 - (9 - (0 - -8 - -10))) - 65?
-78
What is -8 + 6 + -26 + 26 + (0 - 0) + -57?
-59
13 + (-3 - (-39 + -9))
58
What is 23 - 1 - (-80 + 133)?
-31
Evaluate (2 - 4) + 17 - (403 + -422).
34
What is the value of (2453 - 2451) + (53 - -3)?
58
Evaluate 12 + (-12 - (13 + -7 + -1 + -6)) + 55.
56
Evaluate (4 - -3) + (32 - 30) + (1 - -1) - 51.
-40
What is the value of -65 + (-40 - -65) + -66?
-106
(-42 - (110 + 28)) + 38
-142
(45 - (19 + 5)) + -44 + 9
-14
Calculate -11 + (-76 - (-82 + 41)).
-46
What is the value of -130 - (44 - (27 + 18) - 44)?
-85
Calculate (3 - -7) + 137 + -156 + -28.
-37
What is the value of -6 + 59 - (988 - 911)?
-24
-2 - -62 - (-1642 - -1641)
61
What is (-1 - -12 - (482 + -416)) + 16?
-39
Calculate (1416 - 1460) + -28 + 0 + -37.
-109
Calculate -5 + (9 - -3 - (-5 - -11)) - 41 - -8.
-32
41 + -20 + -12 - 12 - (-1 - 39)
37
Evaluate 103 - (90 + -102 + 108).
7
Evaluate (2 - -10) + (-49 + -80 - -59).
-58
What is 0 + 1 + -65 + -20 + 111?
27
Calculate -33 - -28 - ((-6 + 3 - -9) + 3 + -52).
38
44 - -49 - (94 + -58)
57
What is the value of -48 - (5 + -77) - 52?
-28
-11 - (-11 + (18 - -11 - 11)) - -12
-6
What is the value of -46 + 47 - (-19 + 14 + 1 + 5) - -2?
2
What is the value of 75 + 41 + -48 + 3 + -14?
57
Calculate 229 + (15 - 75) + -33.
136
What is 19 + (5 - 14 - (-78 + 61)) + -7?
20
Evaluate -1689 + 1672 + (8 - 0).
-9
Evaluate -6 - (-23 + 13 + -24) - -40.
68
Calculate -91 + 102 + (7 - 17) + 2.
3
Evaluate 61 + -88 + -18 + 85.
40
What is 1 - 2 - 15 - (430 - 225 - 229)?
8
Evaluate 39 + -59 + 41 - (16 - 1).
6
-26 - (-4 + (1 - (-3 - (2 - (6 - -1)))))
-21
What is -14 - (30 + (-52 - 23)) - -85?
116
What is -65 - -96 - (1 + 2 + 11)?
17
(22 - (-11 + 8 - -15)) + -13
-3
-60 - (7 - (61 - 49 - (4 - 2 - 2)))
-55
What is the value of 47 - (23 + -38 + 54)?
8
Evaluate 9 - (-59 - -41) - 46.
-19
Evaluate (-55 - (-1 - 81)) + (6 - 1 - -2).
34
What is the value of -3 - (-25 + 147 + -70)?
-55
(4 + 8 - 14) + -55 + 6 + 0
-51
-59 + 0 + -3 - (89 - (-147 - -252))
-46
What is the value of 11 - (-12 + 15 + -19 - -35)?
-8
Evaluate (3 - (-15 - -6)) + 6 + (7 - 6) + -5.
14
What is the value of -5 - -37 - (-68 + (31 - -43))?
26
Evaluate -4 + -3 + 14 - (74 - (-33 - -69)).
-31
What is the value of 32 + (-4 - -1 - (-20 - -3)) - (8 + -4)?
42
Evaluate (-18 - -5) + -24 - -27 - (1 - -5).
-16
What is 90 - -16 - (-46 + 49 + -11 + -1)?
115
What is the value of (1 + 22 - (86 - 77)) + (3 - (114 - -2))?
-99
What is the value of -13 - (22 + -4 + 10 + -31 + 16)?
-26
Calculate -25 - (-30 - -67 - (11 + -7)).
-58
What is the value of 9 + -18 + -1 + 9 + -27 + -4?
-32
What is -1 + -30 - (-755 + 738)?
-14
-23 + 0 + -2 - (162 + -212)
25
Evaluate -27 - (-1 - (-23 - 3) - 35).
-17
What is 32 + -79 + (56 - -66)?
75
(-1374 - -1379) + (1 + -3 - -70) - 16
57
What is the value of (-1 + 33 - (-524 + 565)) + 5?
-4
10 - -30 - (28 + 16)
-4
What is -3 + (3 - 51) - (-12 + (-15 - -6 - -12))?
-42
Calculate 23 - (11 - 5) - 45 - 18 - 7.
-53
Evaluate -42 + 82 + -25 + (-1 - 64).
-50
What is (-148 - -166) + -7 + 14 + 26?
51
Evaluate 14 + -36 + 5 - -34 - -37.
54
What is (4 - -3) + -93 - (3 - (-16 + 29))?
-76
(-28 - (-10 - (-12 - -16))) + 8 + 26 + 1
21
What is the value of (-2 - (-8 - (-13 + 2 + 4))) + -26 + 44?
17
-12 + 20 - (32 - (19 - 52))
-57
Calculate -189 - -228 - (3 + 62) - 84.
-110
What is (-419 - -427) + -54 + 2?
-44
Evaluate -8 - 115 - (-24 + 92 + -112).
-79
What is -6 - -7 - (7 + (-3 + -18 - -7)) - -9?
17
83 - (-99 + 190 + 85)
-93
(23 - (-15 - -8)) + (5 - (-8 - 0))
43
Calculate -42 - (18 + 28 + -47).
-41
What is -3 + 4 + -65 + 20 + (-30 - -22)?
-52
What is the value of 71 + -2 + -2 - 5?
62
Evaluate (-8 - -11 - 3 - (-42 + 1)) + -1.
40
Calculate (7 - (-18 + 33 + -8)) + (1 - 79).
-78
(-17 - (14 + -48)) + -3
14
What is the value of -7341 + 7365 - (-20 + 0)?
44
Calculate 29 - (26 - 14) - 16.
1
What is the value of (17 - (-2 + 9)) + (-2 - -3) + -45?
-34
-7 + 8 + 1 + -6 + 17 + -18
-5
Calculate -29 - -76 - -23 - (18 + 4).
48
Evaluate -11 + (1 - (13 + 21 - 23)).
-21
What is the value of -124 - (-7 - 40 - 32)?
-45
(-1591 - -1466) + -1 + 25 + 2
-99
What is the value of (-20 + (26 - 18) - 2) + -33?
-47
What is the value of -144 - (-11 - 114) - (-2 + 1)?
-18
Calculate 10 - 24 - ((-17 - -11) + 27).
-35
What is 29 + 6 - 51 - (2 - -2 - -1)?
-21
Calculate -183 - (41 + -104 - 15).
-105
(-44 - (-35 + 9)) + 32
14
What is the value of -5 + -75 + (4 - (-14 + 15)) - -21?
-56
Calculate -12 + 2 + (-204 - (-26 - 182)).
-6
Calculate -23 - -18 - (45 - (8 - 5 - (4 + 2))).
-53
What is the value of -8 + 6 + (14 + -14 - ((-1 - 3) + 49))?
-47
What is (0 - -1 - (-26 + (12 - 0)) - 21) + -48?
-54
Evaluate 48 - 57 - (5 - (1 - -6)).
-7
Evaluate -27 - 45 - -37 - (0 + -2 + 6) - 9.
-48
10 + -45 - -91 - 107
-51
What is (-67 - (40 + -126 + 35)) + -1 + 67?
50
What is the value of -66 + 2 + -1 + -2 + -4 + 23 + -12?
-60
Calculate 0 + (-2 - -9) + 107 + -141 + -26.
-53
What is the value of -26 - (-36 + -3) - (-13 - 15)?
41
What is (-70 - (-92 + 69)) + 52?
5
What is 18 + -2 + 0 + 125 + -123 + (1 - 6)?
13
Evaluate (-137 - -7) + 116 + (-1 - (-1 - 18)).
4
Evaluate -406 + 393 - (0 - 29) - (-6 + -2) - -8.
32
What is the value of (-6 - (-10 + 3 + 4 - 0)) + 2 + -17?
-18
Evaluate (-5 - (-11 + 13)) + (-34 - 0) + 2 + 1.
-38
What is 2 + ((-8 - -10) + -13 - -83 - (2 - -3))?
69
Evaluate (-21 - -55) + -44 + 34.
24
Calculate -6 - (17 + (18 - 44)) - 12.
-9
0 + (3 - (6 - 3)) - (-59 - -29)
30
What is the value of 0 + 33 + (0 + -9 - (-33 - (16 - 44)))?
29
-54 + 8 + -352 + 343
-55
-68 - ((-36 - -35) + (11 - 1))
-77
Calculate 38 - (8 - -51 - 14).
-7
Calculate 18 + -3 + 0 + (33 - 47) + -4.
-3
Evaluate -16 + 34 + -30 + (-4 - 62).
-78
What is the value of 8 + -35 + -9 + (-22 + 27 - (0 + 5))?
-36
What is the value of (-1 - 22) + -8 + (-23 - -94)?
40
2 - 8 - -25 - (-8 - -1 - 6)
32
What is the value of (108 - 79) + -28 - -55?
56
-54 - (7 - 34 - (9 - 12))
-30
Calculate 90 - (129 - 11 - -14).
-42
What is the value of -4 + 6 - (52 - (54 - 76) - (0 + 6))?
-66
What is the value of (0 - -37) + (-7 - 0 - -1) - (2 + -13)?
42
What is -69 + 1 - (-4 + -7 + (-8 + 5 - -13))?
-67
Calculate -5 + 8 + -25 + -9 + -6 + 11 + -6.
-32
Calculate 132 - (3 - -7 - (130 - 132)).
120
Calculate 39 - ((-1 - -13) + (-29 - -8)).
48
What is (-17 - 16) + 12 - -20 - 19?
-20
Evaluate -76 - (31 + -5 + 32 + -33 - 12).
-89
11 - (1 + (5 - 5) + 11) - 4 - 63
-68
What is 23 - 2 - (-15 - (-103 + 54))?
-13
4 - 0 - (1 - 2) - 2 - (6900 - 6904)
7
What is 61 - 112 - (1 - 19)?
-33
What is -14 - ((-12 - 7) + 5)?
0
Evaluate 30 + (22 - (46 - -23)).
-17
Calculate 20 + -120 + 2 + (36 - 46 - -34).
-74
-1 + -78 - (-8 - -7) - (-16 - (41 + -46))
-67
What is the value of 28 - (47 - -6) - 20?
-45
-47 - -298 - 96 - 32
123
Evaluate (18 - 2 - 2) + 1 + (12903 - 12839).
79
Calculate -3 + -15 + 1 + 10 - (0 - -1).
-8
-5 + -7 + 40 + -25 - (2 - -28)
-27
Calculate (92 - 6) + 1 + 3 + (0 + 47 - 54).
83
What is the value of -4 + (-1 - -6) + -8 - (25 - (29 + -75))?
-78
Calculate (-14 + 34 - 19 - 17) + 13 - (-8 + -1).
6
What is the value of 22 + -13 - -15 - -20 - -8?
52
What is the value of 573 + -544 + (-4 - 4)?
21
What is -12 + 71 + (189 + -205 - (0 - 3))?
46
-37 + 70 + -26 + -4 + 54
57
20 - (-2 - (-11 + (1 - 3) + 149 + -143))
15
2 - (3 + 3 + -10 + 6) - (-47 - -91)
-44
Evaluate (-47 - -85 - 24) + -59 - 89.
-134
11 + -95 + 36 - -89
41
What is the value of 60 - (-5 + 31 - -4) - -51?
81
Evaluate -6896 - -6973 - (50 - -1).
26
What is (-8 - (-19 + (-19 - 1) - -4)) + 12?
39
Evaluate -52 + (-27 + 31 - (12 - 2 - 21)).
-37
328 + -328 - (34 + (11 - 6))
-39
Evalua